t t = k + -138. Let z(r) = -r**2 + 7*r + 5. What is z(t)?
5
Let p(y) be the second derivative of -1/12*y**4 - 4*y**2 + 2*y**3 - 1 - 3*y. Suppose -40 = 3*o - 7*o. Determine p(o).
12
Let s(d) be the first derivative of 11*d**2/2 + 181*d + 2463. Give s(-16).
5
Let f(z) = -z**2 - 124*z - 14. Let p(r) = r**2 + 87*r + 13. Let t(a) = -2*f(a) - 3*p(a). Determine t(-13).
-11
Let n(f) be the second derivative of 1/12*f**4 + 0 - 3/2*f**2 + 1/2*f**3 - 40*f. What is n(-3)?
-3
Let w(c) = -c**3 - 13*c**2 - c - 29. Suppose -55 = 4*d + 2*f + f, 3*d + 34 = 5*f. What is w(d)?
-16
Let y(g) = g**3 + 3*g**2 + 2*g. Let m be y(-2). Let o(r) = 1188*r + 165. Let n(d) = 457*d + 66. Let s(l) = 13*n(l) - 5*o(l). Calculate s(m).
33
Let w(r) = 7*r**3 + 3*r**2 - 4*r + 2. Suppose -8*u - u = -2*u - 7. Give w(u).
8
Let u be ((-153)/18 + 9 + -1)*-18. Let y(c) = -6*c + 47. Calculate y(u).
-7
Let m = -37 - -39. Let g be 22 - (-1)/1*(m - 3). Let j(s) = -5*s**2 - g + 3*s**2 + 23. Calculate j(-3).
-16
Let x(t) be the first derivative of t**4/4 + 5*t**3/3 - t**2/2 - 7*t + 1. Suppose -8 + 14 = -7*s - 29. Give x(s).
-2
Let p(x) = -21*x + 18. Let z(r) = 2*r - 6. Let l(d) = 2*d - 1. Let i(b) = 3*l(b) + z(b). Let o(h) = -5*i(h) - 2*p(h). What is o(-3)?
3
Let d(b) = 7*b - 18*b + 25*b - 1 - 1 + 4. Give d(0).
2
Let v be (-22 + 1)*(-16)/(2688/(-72)). Let p(q) = -q**3 - 7*q**2 + 11*q - 6. What is p(v)?
57
Let h = 137 - 120. Let q be 7/(49/(-40)) + 2/(-7). Let l(x) = -5*x**2 - 11*x + 3. Let t(p) = -14*p**2 - 32*p + 8. Let a(i) = h*l(i) + q*t(i). What is a(6)?
-3
Let v(i) = -i**2 + 8*i - 8. Suppose 4*y - 14 - 6 = 0, 2*y + 8 = 2*l. Calculate v(l).
-17
Let a = 4 - 0. Suppose 3*s - 16 = -b - 0*b, -49 = -a*b + 3*s. Let u be 37/b - 4/(-26). Let o(f) = f**3 - 2*f**2 - 4*f + 2. Calculate o(u).
-1
Let t(u) be the third derivative of -u**4/24 + 2*u**3 + 21*u**2. Suppose -24 - 172 = -14*p. Determine t(p).
-2
Let w = 465 - 463. Suppose t = 5, 74 = -w*p + 6*t + 2*t. Let s(b) = b**3 + 18*b**2 + 18*b + 18. Calculate s(p).
1
Let o(g) = g + 8. Let d be ((-16)/5)/((-25)/375). Suppose 8*w = -0*w - d. Determine o(w).
2
Let k(q) = q**2 + q + 20. Let p = 85 + -80. Suppose 3*b + 30 = -o + 15, -25 = 3*o + p*b. Determine k(o).
20
Let l(d) be the second derivative of -d**5/20 + d**4/4 + 5*d**3/6 - 5*d**2/2 + 3463*d. What is l(5)?
-30
Let n(s) = -3*s + s - 8467 - 3*s + 3*s + 8461. Let h(x) = -1. Let w(b) = -b + 12. Let k(u) = -3*h(u) - w(u). Let o be k(5). Give n(o).
2
Let l(j) = j**2 - j**3 + j + 2*j**3 - 5 + 1. Suppose -q + 203*b - 202*b - 9 = 0, -45 = 3*q - 5*b. What is l(q)?
-4
Let c(t) = -82*t**3 - t**2 + 2*t - 1. Suppose 17*l = 3*l + 21*l - 7. Determine c(l).
-82
Suppose n - 14*n + 39 = 0. Let u(h) = 2593 + 8*h**2 - h**n - 4*h + 2*h - 2586. Determine u(8).
-9
Let m(q) = 54*q + 215. Let a = 12790 - 12794. What is m(a)?
-1
Let w(u) = u + 1. Let i(k) = -k**2 - 11 - 2*k + 2*k**2 + 10*k + 2*k. Let b be i(-11). Suppose 4*m - 16 + b = 0, -16 = -4*q + 3*m. Determine w(q).
8
Let q(f) = -2*f**2 - 11*f + 20. Suppose 66*k - 2*w + 10 = 71*k, -10 = -5*k - w. Determine q(k).
-10
Let t(d) = 11*d - 120. Suppose 4561*o - 4557*o - 10 = 30. Determine t(o).
-10
Let l(u) be the first derivative of 74 - 4*u + 5*u - 2*u - 10 + 91 + 9*u**2. What is l(1)?
17
Let f(a) = 2*a**2 - 3*a + 4. Let d(r) = -3*r**2 + 4*r - 9. Let h(b) = 3*d(b) + 5*f(b). Let p be (-28)/21*18/(-4). Suppose 2*y = p*y - 24. Give h(y).
11
Suppose -50*j + 12 = -38*j. Let v(t) = -4*t**2 + 25*t - 14*t + 6*t**2 - 6*t - j - 3. Calculate v(-6).
38
Let y(d) be the first derivative of -d**3/3 + 3*d**2/2 - d + 5987. Let i(p) = p + 2 - 7 + 9 - p**2. Let f be i(0). Calculate y(f).
-5
Let s(v) = -v - 1498 - 1496 + 4491 - v**2 - 1485. What is s(-6)?
-18
Let s be 9/(-42) - (-133338)/8764. Let c(z) = z + 1. Let x(u) = -u**2 + 21*u - 16. Let a(j) = 5*c(j) - x(j). Give a(s).
6
Suppose 2*j + 160 = 4*j. Suppose j = 26*v - 6*v. Let i(w) = -11*w**2 + v*w + 7 + 3*w**2 + 2*w**2 + 5*w**2. Give i(6).
-5
Suppose 2320 = 613*d - 468*d. Let w(g) = g**3 - 15*g**2 - 18*g + 3. Give w(d).
-29
Suppose -111 - 9 = -8*u - 32*u. Let b(f) = 12*f - 31. Calculate b(u).
5
Suppose 0 = 39*g - 58*g - 190. Let v be 2*(-1 + g/(-4)). Let j(x) = -x**3 + 2*x**2 + 5*x - 2. Calculate j(v).
4
Let k(s) = -s**2 - 17*s + 4. Let c be (-2)/15 + (12/(-15) - (-2718)/(-270)). What is k(c)?
70
Let b be ((-51)/(-34))/((-5)/(-15)). Let z(f) be the first derivative of -b*f**2 + 0*f - 18. Determine z(1).
-9
Let v(r) be the first derivative of r**4/4 - r**2/2 - r + 131. Let g(w) = 4*w**3 - 9*w**2 - 4*w - 4. Let t(f) = g(f) - 3*v(f). Calculate t(9).
-10
Let k(u) = -u**3 - 2*u**2 - 2*u - 3. Let t = -5 - -43. Suppose 0 = -18*a - t*a - 112. What is k(a)?
1
Let a(l) = l**2 - 9*l + 6. Let f(x) = -2*x + 1356 - 3*x - 1348 + 0*x. Let y be f(7). Let j be 7*(-24)/y - 4/18. Give a(j).
-12
Let p(j) = -j + 3. Let u be p(3). Let s(a) = -1 - 2 + u*a + 8 - a. Give s(-4).
9
Let l(p) = p - 5 + 4 + 0. Let z(q) = -q**3 - 6*q**2 + 26*q - 6. Let o be z(-9). Suppose 12 = 9*t + o. Determine l(t).
0
Let m(l) = l**3 - 7*l**2 - 9*l + 1. Suppose 0 = -4*h + 4*u + 24, -13*h = -15*h - 3*u + 27. Let k be h + -3 - (-13 + 11). What is m(k)?
-7
Suppose -4*c = 5*r - 469, 3*r - 3*c + 4*c = 280. Let o = r - 92. Suppose -o - 31 = 8*v. Let z(x) = -3*x + 4. Give z(v).
16
Suppose 2*o + 48 = -d, 2*o = 4*d - 3*d - 48. Let u be 4/(-5)*(-180)/o. Let p(m) = -4*m - 8. Calculate p(u).
16
Let a(q) = -8475*q**3 + 14*q + 5*q + 8474*q**3 + 34 + 8*q**2. Give a(10).
24
Let u(f) = 4*f + 21. Suppose 0 = 42*w - 54 + 306. Determine u(w).
-3
Let f(y) = -4*y**2 - 53*y + 14. Let a(b) = 10*b**2 + 153*b - 44. Let r(v) = -3*a(v) - 8*f(v). Determine r(17).
3
Let p(r) = -r**3 - 20*r**2 - 39*r - 18. Suppose 2679*n - 4 = 2678*n - 22. What is p(n)?
36
Let g(u) be the third derivative of u**5/60 - 3*u**3 + 2*u**2 + u - 69. Let i = 1 - 1. Determine g(i).
-18
Let i(c) be the third derivative of -c**4/3 + 4*c**2. Let k be 4 + (0/(-4))/4. Suppose 4*q = k*f, -5*q - 3 = -3*f + 1. Determine i(f).
16
Let d(i) be the second derivative of i**4/24 + 7*i**3/6 + 52*i**2 - 112*i. Let a(w) be the first derivative of d(w). Let g = 1 - 6. Determine a(g).
2
Suppose 5*a - 14 - 21 = 0. Let q be 1 - a - (-8)/2. Let b(r) = 7*r + 4*r - 27*r + 15*r. What is b(q)?
2
Suppose 2*j + 0*j + w - 15 = 0, -5*w - 37 = -4*j. Let z(f) be the first derivative of -f**2 + 4*f - 1354. Determine z(j).
-12
Suppose -3*q - 2*j = 0, 4*q = 9*q - 3*j - 19. Let d(f) = -2*f**q + 8 + f**2 + 28*f + 0*f**2 - 33*f. Give d(-6).
2
Let v = -18 + 22. Suppose g - 9 = j + v*g, -2*g - 1 = -j. Let s(k) be the second derivative of -k**4/12 - 2*k**3/3 - 2*k + 1. Give s(j).
3
Let j be 2/4 + (-3)/(-2). Let p(q) = q**2 + 29*q + 6. Let c(f) = -6*f - 1. Let r(l) = 10*c(l) + 2*p(l). Calculate r(j).
6
Let v(p) be the first derivative of -3*p**2/2 - p + 4. Suppose 20*x - 17*x + 3*j = 0, 0 = -3*x + 2*j - 40. Calculate v(x).
23
Let j(x) = 11*x + 10*x**2 + 2 - 16*x**3 - 78*x**3 - 75*x**3 + 168*x**3. Give j(11).
2
Let f(i) = 3*i + 26. Let q be f(-8). Suppose 2*p - 38 = -q*g, 6*g - 3*g - 4*p - 22 = 0. Suppose 0 = 14*d - 70 + g. Let c(s) = -2*s**2 + 5*s + 2. What is c(d)?
-10
Let f(b) = -10087 + 3*b + 10083 - 2*b. Let u be (1 + -3)/(4/(-10)). Suppose 0 = -3*i - 2*k - 0*k, 2*k = u*i. Calculate f(i).
-4
Let r(u) = u**2 + 7*u + 1. Let b be r(-3). Let g(z) = 125*z**2 + 26*z**2 - z**3 - 163*z**2 - 9 - 11*z. Calculate g(b).
-9
Let i(y) = 10*y**2 + 19*y**3 + 0*y**2 + 3*y**2 + 2*y - 8*y**2 - 8*y**2. Give i(1).
18
Let b(m) = 12*m**2 + 9*m - 27. Suppose 79 = -2*p + 17*i, 3*p - 9*i + 11*i - 19 = 0. Determine b(p).
108
Let d(p) = 6*p + 1. Suppose -a = 3*a - 12, a + 41 = 4*j. Suppose -4*l - 2*q = -l - 23, -l - 4*q = -j. Suppose -l*c + 10*c - 3 = 0. Determine d(c).
7
Let i(p) = -p + 4. Let c = -4252 + 4258. Give i(c).
-2
Suppose 0 = 5*y - 3*a - 169, -81 = -3*y - 25*a + 20*a. Let l(k) = k**2 - 31*k - 36. What is l(y)?
-4
Let d = -10153 - -10193. Let f(i) = i**2 - 38*i - 87. Give f(d).
-7
Let i(d) be the second derivative of d**3/6 + d**2/2 + 26*d. Let f be (-138)/4 + 6/4. Let z = 25 + f. Determine i(z).
-7
Let x(b) be the third derivative of -b**6/120 + b**5/5 - 13*b**4/24 + 7*b**3/3 - 491*b**2. Give x(11).
-8
Let r(d) = -214*d - 2356. Let v be r(-11). Let y(w) = -4*w**2 - w. Give y(v).
-14
Let